 -r**2 + r + 1. Let v(p) = -110*h(p) + x(p). Let y be v(-1). What is the tens digit of (y - -12)*(-2 + 1)?
3
Let f(a) = 2*a**2 - 5*a - 2. Let n = -4 + -10. Let u = n - -19. What is the units digit of f(u)?
3
What is the units digit of 1/(((-1)/(-4))/((-2421)/(-36)))?
9
Let w = -26 + 24. Let h(m) = -m**2 - m + 1. Let b(q) = -q**3 + 4*q**2 + 3*q - 1. Let u(c) = w*h(c) + b(c). What is the tens digit of u(5)?
4
Let g(l) be the second derivative of -l**5/20 + 5*l**4/6 - 3*l**2/2 + 14*l. What is the tens digit of g(7)?
4
Suppose 0*g - g = -3*f + 93, 4*g - 48 = -2*f. What is the units digit of f?
0
Let z be ((-12)/3)/1*(-2 + 1). Suppose 207 = j + 5*b, z*j - j - 661 = -5*b. What is the units digit of j?
7
Suppose -3*l - 4*w + 122 = 0, 4*w + 95 = 2*l - 13. What is the tens digit of l?
4
Let h be 9/54 + (-518)/12. Let z = h + 32. Let s = z - -70. What is the tens digit of s?
5
Let o(r) = -r**3 - 14*r**2 - 16*r + 19. Suppose 20 - 59 = 3*p. Let l be o(p). Suppose -z = z - l. What is the units digit of z?
9
Let r be (3/(27/(-12)))/(3/9). Let i(u) = -3 + 0*u**2 + u**2 + 12 + 4*u. What is the units digit of i(r)?
9
Let r = -223 + 455. Suppose 7*z = 258 + r. What is the units digit of z?
0
Let r = -50 + 442. What is the tens digit of r?
9
Let l(b) = 2*b**2 + 15*b - 1 + 20*b - 34*b. What is the units digit of l(1)?
2
Suppose -12*x + 8975 = 2675. What is the hundreds digit of x?
5
Suppose 4*d + 3 = -2*u - 5, -4*u + 5*d = 3. Let b(l) = -3*l**2 - 3*l. Let a be b(u). Let m = 1 - a. What is the units digit of m?
7
Suppose 2*c - c + 56 = 2*a, 2 = -c. Let r = -15 + a. What is the units digit of r?
2
Let b be 3 + (9/3 - 2). Suppose -m = 2*m + 2*f - 49, b*f = -3*m + 41. What is the units digit of m?
9
Suppose -3*c + 15 = -3*y, -4*y + c - 5 + 0 = 0. Suppose -10*o + 303 = -7*o. Suppose -2*v = 3*r - 48 - 26, y = -4*r - 5*v + o. What is the units digit of r?
4
Let q(m) be the first derivative of -m**3/3 - m**2 + 22*m + 13. What is the tens digit of q(0)?
2
Let t(y) be the third derivative of -y**7/560 + y**6/720 + y**5/60 - 7*y**2. Let h(w) be the third derivative of t(w). What is the tens digit of h(-2)?
1
Suppose 0*i = -i. Suppose a + i*a - 3 = 0. What is the units digit of a?
3
What is the tens digit of (-12 + (-2)/1)/(60/(-1230))?
8
Let z(t) = -2*t**2 - 4*t - 3 + 9*t + 3*t**2. Let i be z(-6). Suppose -2*g + 60 = 2*c, c - 89 = -3*g - i*c. What is the units digit of g?
1
Let a(n) = 10*n**3 - 5*n**2 + 2*n + 4. What is the hundreds digit of a(4)?
5
Suppose 18*b - 2808 = -8*b. What is the units digit of b?
8
Let c(z) = 2*z - 8. Let w be c(5). Suppose -w*l - 4*l + 546 = 0. What is the units digit of l?
1
Let x(z) = z**3 + z**2 + z + 3. Suppose -n + 6 = -2*c, 0 = 6*n - 2*n - 2*c - 6. Suppose 2*r + 3*d - 3 = n, -r = 3*d + 2*d - 5. What is the units digit of x(r)?
3
Let f(v) be the second derivative of v**4/12 - 11*v**3/6 - 7*v**2 + v. Suppose -79*n + 94*n - 225 = 0. What is the units digit of f(n)?
6
What is the units digit of -641*((-8)/(-20))/((-2)/5)?
1
Let f(a) = 22*a + 10*a - 130 + 104. What is the units digit of f(5)?
4
Suppose 0 = 4*s + 7*u - 9*u - 4820, -s + 2*u + 1202 = 0. What is the units digit of s?
6
Suppose 131 + 13 = 4*g. Suppose -2*t + g = -0*t. What is the units digit of t?
8
Let b(f) = -23 + 4 + 12 - 3*f. What is the units digit of b(-10)?
3
Let v be (-1 - (-594)/(-10)) + 6/15. Let t = 167 + v. What is the hundreds digit of t?
1
Suppose -25 = 3*j + 26. What is the tens digit of j/2*(-2)/(0 + 1)?
1
Let j = 56 - 34. Suppose o + j = 105. What is the units digit of o?
3
Let h = 47 - 79. Let x = 13 - h. What is the tens digit of x?
4
What is the units digit of 48/30 + (-257166)/(-65)?
8
Suppose 6336 = -40*y + 42*y. What is the units digit of y?
8
What is the tens digit of (-9 + (-2255)/(-22))*10?
3
Let a = 15 + -10. Suppose o - 18 = -a*o. What is the units digit of -3 + 0 + 18/o?
3
Let o(y) = -y**3 - 3*y**2 + 3*y - 5. Let p be o(2). Let u = 103 - p. What is the tens digit of u?
2
Suppose 3*k + 52 = 7*k. Suppose -208 = 12*g - k*g. What is the tens digit of g?
0
Let l(x) = -82*x - 4. Let u be l(-1). Suppose u - 230 = -8*j. What is the units digit of j?
9
Let p(i) = 3*i**3 + 19*i**2 - 29*i + 92. What is the units digit of p(11)?
5
Let h = 1230 - 345. What is the hundreds digit of h?
8
Let o = -39 + 34. What is the units digit of 2522/65 + (-1)/o?
9
Let w = -117 - -260. What is the hundreds digit of w?
1
Let p(u) = 114*u + 94. What is the hundreds digit of p(6)?
7
Let p(n) = 56*n + 4. Let x(y) = y - 10. Let w be x(12). Let j be p(w). Let i = j + -77. What is the units digit of i?
9
Let n(w) = -4 + w**2 + 10*w + 3 - 9. Let i be n(-10). What is the units digit of 291/6 - (-5)/i?
8
Let k = 14 - -22. Let t = -25 + k. Suppose p - 9 = t. What is the tens digit of p?
2
Let w(l) = 889*l**2 - 14*l - 31. What is the hundreds digit of w(-2)?
5
Let d = -28 - -50. Let k = d - 16. Suppose -4*f + 5*f - k = 0. What is the units digit of f?
6
Suppose 3*l = t + 90, -2*t - 308 = -2*l - 116. Let w = t - -197. What is the tens digit of w?
9
Suppose 0 = d + 3*l - 24, 2*d - 3*l - 58 = -4*l. Let t be 96/d - 2/10. What is the units digit of t + 28 + (-2 - -1)?
0
Let t = 522 + 190. What is the hundreds digit of t?
7
Let n(z) = z**2 + 6*z - 1. Let v be n(-3). Let m = 32 - v. What is the tens digit of m?
4
Let r(s) be the third derivative of -s**6/120 - s**5/12 + 5*s**4/24 - 2*s**3/3 - s**2. Let q be r(-6). Suppose q*i - 4*i = -2. What is the units digit of i?
1
Let f = -787 + 2929. What is the units digit of f?
2
Let x(w) = -w**3 - 4*w**2 + 2*w + 2. Let y be x(-4). Let t be y/8*8/(-1). Suppose -3*p = -t*p + 60. What is the tens digit of p?
2
What is the hundreds digit of 1 - 0 - 2 - 4389/(-7)?
6
Suppose -17175 - 4514 = -23*d. What is the units digit of d?
3
Let k(u) = -2*u**2. Let t be k(0). Suppose t = -5*x + 20, -5*f + x = -3*x - 399. What is the units digit of f?
3
Let h be 32/48*(-2)/((-4)/42). What is the hundreds digit of (-489)/(-2) - h/28?
2
What is the units digit of (-220968)/(-55) - (-24)/(-15)?
6
What is the hundreds digit of (10/15)/(4/5916)?
9
Suppose -2*a = 4*d - 22, -8 = -0*d + 2*d. What is the tens digit of a?
1
Let s = 465 + -148. What is the tens digit of s?
1
Suppose -4*u - 2389 + 7645 = 0. What is the tens digit of u?
1
Let r(f) = f**2 + 5*f - 18. Let c be r(-8). Let n = c + 1. Suppose -d + 54 = 4*u, -n*d + 2*d = -3*u - 155. What is the tens digit of d?
3
Suppose 10644 = 13*l - 640. What is the tens digit of l?
6
Let q(f) = -390*f - 71. What is the hundreds digit of q(-2)?
7
Let w = -177 + 1221. What is the thousands digit of w?
1
Suppose -431 - 689 = -7*s. Suppose -39*q + 35*q + s = 0. What is the units digit of q?
0
Suppose 0 = 2*k - 12 + 24. Let f(a) = a**2 - 14*a - 3. What is the units digit of f(k)?
7
Let k = 1868 - -1332. What is the units digit of k?
0
Suppose -4*u + 6576 + 3766 = 3*h, -2*h + u + 6913 = 0. What is the tens digit of h?
5
Let z = 58 - 56. What is the tens digit of (z - -1)/((-194)/(-188) + -1)?
9
Suppose 30 = -31*w + 36*w. Suppose w*z + 24 - 738 = 0. What is the hundreds digit of z?
1
Let q(m) = 6*m**2 - 14*m + 13. Let n be q(5). Let g = -16 + n. What is the tens digit of g?
7
Let m be (4 + -4)/(-3 + 1). Suppose 18 = w - 4*y + 2*y, m = -2*w + y + 36. What is the tens digit of ((-3)/(-2))/(w/156)?
1
Suppose 0 = q - 4*q + 15. Suppose q*l + 172 = 5*f + 27, -f - l + 19 = 0. What is the tens digit of f?
2
Let n be (-53)/(-2) - 3/(-6). Let i be 51/12 - (4 - 30/8). Suppose n = i*a - 89. What is the tens digit of a?
2
Suppose -7*b = -100 - 12. Suppose -b*n = -13*n - 51. What is the tens digit of n?
1
Suppose 9*p - 538 = 164. Let z = 83 - p. What is the units digit of z?
5
What is the units digit of (-4)/(-30) + (-188172)/(-135)?
4
Let s(w) = -11 - 18*w + 11. Suppose -5*j + 0*j = 5. What is the units digit of s(j)?
8
Suppose 0 = 3*j + 4*x - 243, -19 = -4*x - 7. Let k = j + 143. What is the units digit of k?
0
Suppose 27200 = 5*c - 5*f, 11*f - 13*f = 5*c - 27221. What is the hundreds digit of c?
4
Let h(t) = t**3 + 21*t**2 + 80. Suppose 61 = -4*w - 23. What is the units digit of h(w)?
0
Suppose 0 = -h + 8*h - 441. Let t = -3 + h. What is the units digit of t?
0
Let x = 5 - 0. Suppose 6*o - 5*o - x = 0. Suppose 69 = o*u - 16. What is the tens digit of u?
1
L